28
Let a(v) = -v**3 - 24*v**2 - 44*v - 8. Determine a(-22).
-8
Let a(h) = -2993*h + 17980. What is a(6)?
22
Let o(l) = 14*l**2 - 200*l + 28. Determine o(14).
-28
Let q(l) = 906*l + 24471. Calculate q(-27).
9
Let f(x) = -x**2 + 133*x + 1908. Determine f(-13).
10
Let n(j) = 398*j**2 - 3183*j - 4. Calculate n(8).
4
Let s(h) = -233*h**2 - 1174*h - 6. Calculate s(-5).
39
Let u(d) = d**2 - 46*d - 145. Give u(49).
2
Let v(x) = -90*x - 168. Give v(-2).
12
Let t(l) = -69*l**3 - l**2 - 5*l - 4. What is t(-1)?
69
Let b(w) = -w**3 - 18*w**2 - 90*w - 122. What is b(-9)?
-41
Let p(n) = -n**2 + 17*n + 108. Give p(26).
-126
Let g(l) = -1325*l + 1313. Calculate g(1).
-12
Let d(o) = -34*o + 1379. Calculate d(38).
87
Let x(g) = -228*g - 302. Determine x(3).
-986
Let a(c) = 7323*c + 36659. Give a(-5).
44
Let p(m) = 10*m**2 - 46*m + 30. Give p(4).
6
Let o(c) = c**3 + 18*c**2 - 176*c - 47. Calculate o(7).
-54
Let m(y) = -2*y**2 - 212*y - 3301. Determine m(-87).
5
Let a(c) = -2*c**3 - 119*c**2 - 56*c + 184. Give a(-59).
7
Let r(h) = h**2 - 2*h - 62. Give r(-10).
58
Let d(x) = -545*x**2 + 2733*x - 10. Give d(5).
30
Let p(r) = 21*r**2 + 41*r - 5. What is p(-3)?
61
Let p(u) = -1044*u - 5203. Determine p(-5).
17
Let u(q) = 1120*q + 23517. Give u(-21).
-3
Let h(o) = -o**3 - 30*o**2 + 20. Calculate h(-30).
20
Let t(f) = 2*f**3 + 10*f**2 - 36*f - 1. Determine t(-10).
-641
Let w(o) = o**3 - 14*o**2 - 7*o + 16. Calculate w(13).
-244
Let o(p) = -1354*p - 21. Calculate o(0).
-21
Let w(f) = -9*f**3 - 61*f**2 - 2*f - 74. Give w(-7).
38
Let t(f) = -107*f + 3863. What is t(36)?
11
Let n(f) = -f**3 + f**2 + 4*f - 1. Determine n(0).
-1
Let f(s) = 43*s + 19. What is f(-1)?
-24
Let x(q) = 3*q**3 - 69*q**2 - 7*q + 23. Give x(23).
-138
Let z(t) = -2885*t + 23041. What is z(8)?
-39
Let z(b) = 33*b**3 + b**2 - 10*b - 11. Calculate z(-1).
-33
Let x(o) = -4*o + 186. Give x(19).
110
Let b(k) = -19*k + 749. Calculate b(39).
8
Let f(t) = 4*t**3 + 6*t**2 - 46*t + 46. Give f(4).
214
Let y(p) = 18*p - 222. Give y(3).
-168
Let x(j) = 129*j + 53. Calculate x(-2).
-205
Let w(g) = -2*g**3 + 43*g**2 - 18*g - 74. Give w(21).
-11
Let r(f) = -5*f**3 - 16*f**2 - 29*f - 4. Calculate r(-3).
74
Let t(h) = 102*h + 4696. Calculate t(-46).
4
Let t(x) = -23*x**2 + 105*x + 40. What is t(5)?
-10
Let q(n) = -8*n**2 - 252*n - 110. Determine q(-31).
14
Let n(f) = -f**3 + 12*f**2 - 20*f - 74. Calculate n(5).
1
Let y(f) = 2*f**3 - 133*f**2 - 207*f + 187. What is y(68)?
-17
Let j(p) = -147*p + 105. What is j(1)?
-42
Let b(a) = -a**3 - 20*a**2 + 101*a + 12. Calculate b(-24).
-108
Let o(i) = -3*i**2 + 127*i + 519. Calculate o(46).
13
Let t(o) = 1880*o + 10. Determine t(0).
10
Let v(g) = 2*g**2 - 77*g - 246. Give v(-3).
3
Let o(h) = -h**3 - 2*h**2 + 2. Give o(0).
2
Let v(d) = -d**3 + 17*d**2 - 14*d - 55. Determine v(16).
-23
Let g(d) = -d**2 + 55*d + 1529. Determine g(75).
29
Let c(k) = k**2 - 26*k + 110. Determine c(25).
85
Let d(u) = 29*u**2 - 227*u - 26. Calculate d(8).
14
Let l(x) = -x**3 - 22*x**2 + 143*x + 211. Give l(-27).
-5
Let w(m) = -5*m**2 - 407*m + 234. Determine w(-82).
-12
Let o(p) = -p**3 - 23*p**2 - 80*p - 1268. Calculate o(-22).
8
Let l(n) = 4*n**2 - 18*n + 32. Determine l(2).
12
Let r(q) = 5*q**3 - 733*q**2 + 440*q - 296. Calculate r(146).
-4
Let g(q) = -2*q**3 + 62*q**2 + 50*q + 448. Give g(32).
0
Let g(w) = 4*w**3 - 26*w**2 - 89*w + 612. Give g(6).
6
Let n(t) = -7*t - 8. Give n(-11).
69
Let p(k) = -2*k - 93. Calculate p(-49).
5
Let l(c) = 47*c + 477. Give l(-10).
7
Let z(w) = 2*w**2 - 92*w - 15. Determine z(50).
385
Let v(s) = -s**3 - 89*s**2 - 1563*s - 159. Give v(-65).
36
Let u(v) = 2*v**3 + 135*v**2 + 82*v + 149. Calculate u(-67).
-856
Let o(y) = y**3 - 13*y**2 + 41*y - 47. Give o(9).
-2
Let m(j) = 41*j**2 - 39*j - 5. Give m(1).
-3
Let o(z) = z**2 - 11*z - 1350. Give o(-29).
-190
Let g(x) = 2*x**2 - 17*x + 75. Determine g(9).
84
Let b(w) = -5*w - 33. Determine b(-31).
122
Let l(w) = 3*w**3 + 236*w**2 + 165*w + 705. Determine l(-78).
3
Let s(c) = 42*c - 50. Calculate s(1).
-8
Let o(p) = -p**3 + 15*p**2 + 40*p - 40. What is o(-4)?
104
Let a(y) = -2067*y - 10230. What is a(-5)?
105
Let o(a) = -10*a - 1167. Determine o(-116).
-7
Let a(p) = 17*p - 447. Determine a(23).
-56
Let z(y) = 31*y - 76. Give z(9).
203
Let d(w) = 29*w - 856. What is d(29)?
-15
Let l(w) = -w**2 - 21*w + 269. Calculate l(-29).
37
Let g(f) = -139*f**2 - 3*f - 15. Calculate g(-2).
-565
Let z(n) = -14*n - 2144. Determine z(-153).
-2
Let k(v) = -v**3 - 13*v**2 + 46*v - 39. Determine k(-16).
-7
Let j(f) = 29*f + 206. Determine j(-8).
-26
Let t(q) = q**3 - 5*q**2 - 107*q - 17. What is t(-8)?
7
Let f(s) = 378*s - 3. Give f(3).
1131
Let b(z) = 3*z**3 - 93*z**2 + 329*z + 40. Give b(27).
175
Let p(f) = f**2 + 105*f + 2154. What is p(-29)?
-50
Let x(b) = -16*b - 440. What is x(-32)?
72
Let a(u) = 23*u - 46. Give a(-3).
-115
Let q(y) = 92*y + 932. What is q(-10)?
12
Let l(v) = 5*v**2 - 11*v + 31. Give l(5).
101
Let w(a) = -a**3 + 28*a**2 + 94*a - 19. Calculate w(31).
12
Let x(z) = -59*z - 901. Calculate x(-17).
102
Let z(j) = j**3 + 13*j**2 + 8*j - 62. Calculate z(-12).
-14
Let m(o) = -o**3 - 121*o**2 - 802*o - 460. Calculate m(-114).
-4
Let w(r) = 2*r**2 - 54*r - 20. What is w(24)?
-164
Let j(n) = n**2 - 11*n - 285. Give j(-17).
191
Let m(v) = 2*v**2 - 111*v - 17571. What is m(-70)?
-1
Let z(h) = -1826*h - 20084. Determine z(-11).
2
Let g(w) = -w**2 + 89*w - 644. Determine g(8).
4
Let d(x) = 118*x**3 - 12*x**2 - 22*x - 10. Calculate d(-1).
-118
Let i(b) = 11*b - 153. Calculate i(6).
-87
Let w(r) = 268*r - 538. Calculate w(2).
-2
Let j(o) = -166*o + 672. What is j(4)?
8
Let q(p) = -p**2 + 403*p - 39894. Determine q(175).
6
Let v(f) = 3*f**2 + 11*f + 116. Determine v(-13).
480
Let p(t) = 42*t + 609. What is p(-7)?
315
Let z(m) = 16316*m + 32627. Calculate z(-2).
-5
Let r(g) = 444*g + 11140. Give r(-25).
40
Let t(f) = f**3 + 42*f**2 + 347*f + 42. Determine t(-11).
-24
Let p(a) = -a**3 - 121*a**2 + 377*a + 614. Give p(-124).
-6
Let a(z) = 2*z**2 + 2*z + 13. What is a(-3)?
25
Let g(x) = -357*x - 3839. What is g(-11)?
88
Let i(y) = 2*y**2 + 61*y - 194. What is i(-33)?
-29
Let w(f) = -f**3 - 11*f**2 - 33*f - 220. Calculate w(-10).
10
Let h(n) = -40*n**2 + 4*n + 25. Give h(-3).
-347
Let v(h) = h**2 + 9*h + 24. Give v(9).
186
Let m(f) = 47*f**2 + 7615*f + 201. Determine m(-162).
39
Let l(g) = -g**3 + 61*g**2 - 376*g - 129. Determine l(54).
-21
Let f(j) = 32*j - 226. Calculate f(7).
-2
Let m(q) = -11*q**2 - 3260*q + 2086. Give m(-297).
7
Let a(v) = -v**3 - 20*v**2 + 42*v - 9. What is a(-22)?
35
Let m(w) = 15*w - 61. Calculate m(-11).
-226
Let s(v) = -3*v**2 - 14*v + 59. Give s(3).
-10
Let g(j) = 366*j**3 - 5*j**2 + 8*j + 10. Give g(-1).
-369
Let g(o) = -o**2 - 177*o - 1997. Give g(-12).
-17
Let x(j) = -4*j**2 - 24*j - 3. Give x(-5).
17
Let f(s) = -s**2 - 14*s + 17. What is f(-21)?
-130
Let n(c) = -c**3 + 6*c**2 - 51*c + 2258. Calculate n(14).
-24
Let k(x) = x**3 - 3*x**2 - 5*x - 90. Give k(-5).
-265
Let o(x) = 46*x**2 + x + 36. What is o(0)?
36
Let o(a) = 6*a**3 - 27*a**2 + 8*a - 11. Determine o(4).
-27
Let j(z) = -z**3 + 4*z**2 + 22*z - 42. Calculate j(3).
33
Let s(v) = -v**2 - 292*v - 7863. What is s(-262)?
-3
Let u(a) = -564*a - 3390. Give u(-6).
-6
Let x(l) = 16*l - 28. Determine x(-11).
-204
Let q(s) = 65*s - 3765. Determine q(58).
5
Let c(d) = -2*d**3 + 14*d**2 - 187. What is c(11)?
-1155
Let p(v) = -v**2 - 26*v + 50. Determine p(2).
-6
Let q(o) = 7*o**2 + 362*o + 240. Determine q(-51).
-15
Let h(f) = -18*f + 19. Determine h(4).
-53
Let g(b) = -b**2 - 39*b + 261. Determine g(-45).
-9
Let s(x) = x**2 - 64*x + 182. Calculate s(3).
-1
Let x(y) = -2*y**3 - 126*y**2 + 150*y + 1420. Calculate x(-64).
12
Let j(k) = k**3 + 26*k**2 - 23*k + 56. What is j(-27)?
-52
Let s(t) = -2*t**2 - 283*t - 10066. Calculate s(-70).
-56
Let u(v) = 2*v**3 - 36*v**2 - 41*v - 4. What is u(19)?
-61
Let v(f) = f**2 - f - 70. Calculate v(-7).
-14
Let s(l) = -l**3 - 17*l**2 + 3487*l - 984. Give s(51).
-15
Let b(f) = f**2 + 247*f + 13358. What is b(-167)?
-2
Let n(d) = -229*d + 907. Give n(4).
-9
Let b(m) = -5*m**2 - 37*m - 7. Give b(0).
-7
Let z(j) = -14*j**2 - 2*j. Determine z(-2).
-52
Let d(z) = -3*z**2 + 30*z - 34. Determine d(4).
38
Let f(m) = 8*m**2 + 6*m + 2. What is 